{"id":53820,"date":"2019-04-13T10:37:24","date_gmt":"2019-04-13T08:37:24","guid":{"rendered":"https:\/?page_id=53820"},"modified":"2019-04-13T10:45:35","modified_gmt":"2019-04-13T08:45:35","slug":"madina-yabisa-llocs-dinteres-cultural-deivissa","status":"publish","type":"page","link":"https:\/\/soloibiza.com\/ca\/guia-de-turisme-cultural-i-natural-deivissa\/guia-de-la-ciutat-deivissa\/madina-yabisa-llocs-dinteres-cultural-deivissa\/","title":{"rendered":"Madina Yabisa, llocs d&#8217;inter\u00e8s cultural d&#8217;Eivissa"},"content":{"rendered":"<div class=\"wpb-content-wrapper\"><p>[vc_row full_width=&#8221;stretch_row&#8221; parallax=&#8221;content-moving-fade&#8221; css=&#8221;.vc_custom_1541444137191{padding-top: 20px !important;padding-bottom: 60px !important;background-image: url(http:\/\/soloibiza.com\/wp-content\/uploads\/2018\/11\/medina-yabisah.jpg?id=45821) !important;background-position: 0 0;background-repeat: no-repeat !important;}&#8221;] [vc_column] [vc_custom_heading text = &#8220;Madina Yabisa. Cultural Center &#8221; font_container =&#8221; Tag: H1|text_align:center|color:#ffffff&#8221; use_theme_fonts =&#8221;yes&#8221;] [vc_custom_heading text =&#8221; al carrer que condueix a la pla\u00e7a de la catedral trobem una petita porta a la hist\u00f2ria de l&#8217;illa. &#8221; font_container =&#8221; tag: P|font_size: 24px|text_align:center|color:#ffffff&#8221; use_theme_fonts =&#8221;yes&#8221;] [\/vc_column] [\/vc_row] [vc_row] [vc_column width =&#8221; 1\/3 &#8220;] [vc_column_text]<\/p>\n<div class=\"entry clearfloat\">\n<div class=\"texto\"><\/div>\n<\/div>\n<div class=\"entry clearfloat\">\n<div class=\"texto\"><strong>Madina Yabisa<\/strong> va ser el nom que va rebre Eivissa durant l&#8217;\u00e8poca musulmana. Tamb\u00e9 \u00e9s un centre d&#8217;interpretaci\u00f3 situat a la casa de la C\u00faria i que repassa la hist\u00f2ria eivissenca amb un important suport audiovisual. Destacant l&#8217;era \u00e0rab. Aqu\u00ed est\u00e0 el fullet. En la meva ignor\u00e0ncia bene\u00efda, sempre vaig pensar que aquest centre de &#8220;<em>interpretaci\u00f3<\/em>&#8221; se suposava que era una escola de ball o teatre, aix\u00ed que quan vaig arribar a la porta no estava molt clar que m&#8217;hauria de trobar a l&#8217;interior. Quan vaig arribar estaven connectant els ordinadors i nom\u00e9s veia pantalles d&#8217;inici a tot arreu. &#8220;Em vaig a avorrir amb el valent. Dues fotos i alguna cosa m\u00e9s. &#8221; Gaireb\u00e9. M\u00e9s de dues hores amb les explicacions de l&#8217;empresa i de <em>nines<\/em> per comprendre la hist\u00f2ria de l&#8217;illa, els quartons, la construcci\u00f3 de la muralla, les r\u00e8pliques de restes \u00e0rabs entre les que ens traslladem i un v\u00eddeo multim\u00e8dia fascinant amb projeccions sobre un Model de Dalt Vila que em va deixar amb ganes de tornar. S\u00ed, acabo de prendre dues fotos.<\/div>\n<\/div>\n<p>[\/vc_column_text] [\/vc_column] [vc_column width = &#8220;2\/3&#8221;] [vc_single_image Image = &#8220;45821&#8221; img_size = &#8220;full&#8221;] [\/vc_column] [\/vc_row] [vc_row] [vc_column] [vc_column_text]<\/p>\n<h2 class=\"title\">Visitant el centre<\/h2>\n<div class=\"entry clearfloat\">\n<div class=\"texto\">El que no entenc \u00e9s com un lloc tan especial pot ser tan poc publicitat per l&#8217;organisme competent. Segons el signe d&#8217;entrada, els horaris s\u00f3n de l&#8217; 1 d&#8217;abril al 15 d&#8217;octubre, de 10 a 14 i de 17 a 20. Del 16 d&#8217;octubre al 31 de mar\u00e7, de 10 a 15 de dilluns a dissabte i diumenges de 10 a 13. Els mesos de juliol i agost l&#8217;horari \u00e9s de 10 a 14 i de 18 a 21. Roman tancada els diumenges a la tarda, dilluns i festius.<\/div>\n<\/div>\n<p>[\/vc_column_text] [\/vc_column] [\/vc_row] [vc_row] [vc_column] [vc_gmaps link=&#8221;#E-8_JTNDaWZyYW1lJTIwc3JjJTNEJTIyaHR0cHMlM0ElMkYlMkZ3d3cuZ29vZ2xlLmNvbSUyRm1hcHMlMkZlbWJlZCUzRnBiJTNEJTIxMW0xOCUyMTFtMTIlMjExbTMlMjExZDMxMDQuNzQyNTYzNTM4MjY2NSUyMTJkMS40MzQwMjQ5MTU4NjI0OTY1JTIxM2QzOC45MDcwMDE5NTM5ODIwMDQlMjEybTMlMjExZjAlMjEyZjAlMjEzZjAlMjEzbTIlMjExaTEwMjQlMjEyaTc2OCUyMTRmMTMuMSUyMTNtMyUyMTFtMiUyMTFzMHgxMjk5NDZiMDM1MzI5Mjk5JTI1M0EweDRmZGQzYjdiNmY4YzMyMjUlMjEyc0NlbnRyZSUyQmQlMjYlMjMzOSUzQmludGVycHJldGFjaSUyNUMzJTI1QjMlMkJNYWRpbmElMkJZYWJpc2ElMjE1ZTAlMjEzbTIlMjExc2VzJTIxMnNlcyUyMTR2MTU0MTQ0MTk2OTc4NiUyMiUyMHdpZHRoJTNEJTIyNjAwJTIyJTIwaGVpZ2h0JTNEJTIyNDUwJTIyJTIwZnJhbWVib3JkZXIlM0QlMjIwJTIyJTIwc3R5bGUlM0QlMjJib3JkZXIlM0EwJTIyJTIwYWxsb3dmdWxsc2NyZWVuJTNFJTNDJTJGaWZyYW1lJTNF&#8221;] [\/vc_column] [\/vc_row] [vc_row full_width =&#8221;stretch_row&#8221; css =&#8221;.vc_custom_1539804160222 {padding-Top: 30px !important; padding-bottom: 60px !important; background-color:#1b7f47 !important; background-position: centre !important; background-repeat: no-repeat !important; background-size: Cover !important;} &#8220;] [vc_column] [vc_custom_heading text = &#8220;Altres llocs per descobrir en l&#8217;entorn de Madina Yabisa&#8221; font_container = &#8220;tag:h2|font_size:40px|text_align:center|color:%23ffff| line_height:48px&#8221; use_theme_fonts = &#8220;yes&#8221;] [vc_custom_heading text = &#8220;Ens apanyem nostra visita a Medina Yabisa descobrir altres llocs d&#8217;inter\u00e8s cultural&#8221; font_container = &#8220;tag:p|font_size:24px|text_align:center|color:%23ffffff| use_theme_fonts = &#8220;yes&#8221;] [\/vc_column] [\/vc_row] [vc_row] [vc_column width= &#8220;1\/3&#8221;] [vc_single_image image = &#8220;46856&#8221; img_size = &#8220;full&#8221; onclick = &#8220;custom_link&#8221; enlla\u00e7 = &#8220;https:\/guia-de-turismo-de-ibiza-cultural-y-natural\/guia-de-turismo-de-la-ciudad-de-ibiza\/murallas-de-ibiza-la-historia\/&#8221;] [vc_column_text]<\/p>\n<h2 style=\"text-align: center;\">Les muralles de Dalt Vila<\/h2>\n<p style=\"text-align: center;\">Des de Medina Yabisa tindr\u00e0 un acc\u00e9s molt c\u00f2mode a les muralles, que podem viatjar d&#8217;un baluard a l&#8217;altre.<\/p>\n<p>[\/vc_column_text] [\/vc_column] [vc_column width = &#8220;1\/3&#8221;] [vc_single_image Image = &#8220;46670&#8221; img_size = &#8220;full&#8221; onclick = &#8220;custom_link&#8221; Link = &#8220;https:\/guia-de-turismo-de-ibiza-cultural-y-natural\/guia-de-turismo-de-la-ciudad-de-ibiza\/catedral-de-ibiza\/&#8221;] [vc_column_text]<\/p>\n<h2 style=\"text-align: center;\">Catedral d&#8217;Eivissa<\/h2>\n<p style=\"text-align: center;\">Podrem aprofitar per visitar la catedral i els seus voltants. Descobreix-les a la <a href=\"https:\/guia-de-turismo-de-ibiza-cultural-y-natural\/guia-de-turismo-de-la-ciudad-de-ibiza\/\">Guia d&#8217;Eivissa<\/a>.<\/p>\n<p>[\/vc_column_text] [\/vc_column] [vc_column width = &#8220;1\/3&#8221;] [vc_single_image Image = &#8220;46640&#8221; img_size = &#8220;full&#8221; onclick = &#8220;custom_link&#8221; Link = &#8220;https:\/guia-de-turismo-de-ibiza-cultural-y-natural\/guia-de-turismo-de-la-ciudad-de-ibiza\/baluarte-de-sant-pere-historia-y-cultura\/&#8221;] [vc_column_text]<\/p>\n<h2 style=\"text-align: center;\">Baluard de Sant Pere<\/h2>\n<p style=\"text-align: center;\">Podrem gaudir de diferents actuacions culturals en aquest baluard<\/p>\n<p>[\/vc_column_text] [\/vc_column] [\/vc_row] [vc_row full_width = &#8220;stretch_row&#8221; css = &#8220;.vc_custom_1540877850287 {background-color: RGBA(255,153, 0, 0.6) !important; * background-color:RGB(255,153,0) !important;}&#8221;] [vc_column] [vc_custom_heading text = &#8220;platges aprop Madina Yabisa&#8221; font_container = &#8220;Tag: H2|text_align:center|color:#ffffff&#8221; use_theme_fonts = &#8220;yes&#8221; el_id = &#8220;platges de la ciutat d&#8217;Eivissa&#8221;] [vc_column_text]<\/p>\n<p style=\"text-align: center;\"><span style=\"color: #ffffff; font-size: 18px;\">Al costat de Medina Yabisa, a la pla\u00e7a de la catedral, podrem gaudir de les vistes a les <a style=\"color: #ffffff; font-size: 18px;\" href=\"https:\/playas-de-ibiza-ciudad-o-eivissa\/\">platges de la ciutat d&#8217;Eivissa<\/a>.<\/span><\/p>\n<p>[\/vc_column_text] [\/vc_column] [\/vc_row] [vc_row el_id = &#8220;Figueretes&#8221;] [vc_column width = &#8220;1\/3&#8221; El_class = &#8220;Filaplayas&#8221; el_id = &#8220;platja d&#8217;en bossa&#8221;] [vc_single_image Image = &#8220;47608&#8221; img_size = &#8220;full&#8221;] [vc_column_text El_class = &#8220;.conelanteriorreducido&#8221;] <a href=\"https:\/playa-den-bossa\/\">P.<\/a>d&#8217;en Bossa [\/vc_column_text] [vc_column_text]<\/p>\n<p style=\"text-align: center;\">En direcci\u00f3 sud trobarem una extensa platja que sembla perdre&#8217;s en infinitat. \u00c9s platja d&#8217;en Bossa.<\/p>\n<p>[\/vc_column_text] [\/vc_column] [vc_column width = &#8220;1\/3&#8221; El_class = &#8220;Filaplayas&#8221; el_id = &#8220;Talamanca&#8221;] [vc_single_image Image = &#8220;47515&#8221; img_size = &#8220;full&#8221;] [vc_column_text El_class = &#8220;.conelanteriorreducido&#8221;] <a href=\"https:\/talamanca\/\">Talamanca<\/a> [\/vc_column_text] [vc_column_text]<\/p>\n<p style=\"text-align: center;\">Situat darrere del port, Talamanca ofereix una platja urbana per\u00f2 molt ecol\u00f2gica.<\/p>\n<p>[\/vc_column_text] [\/vc_column] [vc_column width = &#8220;1\/3&#8221; El_class = &#8220;Filaplayas&#8221;] [vc_single_image Image = &#8220;47470&#8221; img_size = &#8220;full&#8221;] [vc_column_text El_class = &#8220;.conelanteriorreducido&#8221;] <a href=\"https:\/figueretas\/\">Figueretas<\/a> [\/vc_column_text] [vc_column_text]<\/p>\n<p style=\"text-align: center;\">En sentit invers a Talamanca, la primera platja que trobem \u00e9s la de Figueretes.<\/p>\n<p>[\/vc_column_text] [\/vc_column] [\/vc_row] [vc_row full_width = &#8220;stretch_row&#8221; css = &#8220;.vc_custom_1539810191369 {background-color:#1b7f47 !important;}&#8221;] [vc_column] [vc_column_text css_animation = &#8220;fadeIn&#8221; El_class = &#8220;. Size24&#8221;]<\/p>\n<p class=\"size24\" style=\"text-align: center;\"><span style=\"color: #ffffff;\">El fitxer Madina Yabisa est\u00e0 patrocinat per<\/span> <a href=\"https:\/\/disenowebibiza.soloibiza.com\/\"> <span style=\"color: #ffffff;\">Disseny web Eivissa<\/span> <\/a><\/p>\n<p>[\/vc_column_text] [\/vc_column] [\/vc_row]<\/p>\n<\/div>","protected":false},"excerpt":{"rendered":"<p>[vc_row full_width=&#8221;stretch_row&#8221; parallax=&#8221;content-moving-fade&#8221; css=&#8221;.vc_custom_1541444137191{padding-top: 20px !important;padding-bottom: 60px !important;background-image: url(http:\/\/soloibiza.com\/wp-content\/uploads\/2018\/11\/medina-yabisah.jpg?id=45821) !important;background-position: 0 0;background-repeat: no-repeat !important;}&#8221;] [vc_column] [vc_custom_heading text = &#8220;Madina Yabisa. Cultural Center &#8221; font_container =&#8221; Tag: H1|text_align:center|color:#ffffff&#8221; use_theme_fonts =&#8221;yes&#8221;] [vc_custom_heading text =&#8221; al carrer que condueix a la pla\u00e7a de la catedral trobem una petita porta a la hist\u00f2ria de l&#8217;illa. &#8221; font_container =&#8221; tag: [&hellip;]<\/p>\n","protected":false},"author":1,"featured_media":0,"parent":53783,"menu_order":0,"comment_status":"closed","ping_status":"closed","template":"","meta":{"_acf_changed":false,"footnotes":""},"class_list":["post-53820","page","type-page","status-publish","hentry"],"acf":[],"_links":{"self":[{"href":"https:\/\/soloibiza.com\/ca\/wp-json\/wp\/v2\/pages\/53820","targetHints":{"allow":["GET"]}}],"collection":[{"href":"https:\/\/soloibiza.com\/ca\/wp-json\/wp\/v2\/pages"}],"about":[{"href":"https:\/\/soloibiza.com\/ca\/wp-json\/wp\/v2\/types\/page"}],"author":[{"embeddable":true,"href":"https:\/\/soloibiza.com\/ca\/wp-json\/wp\/v2\/users\/1"}],"replies":[{"embeddable":true,"href":"https:\/\/soloibiza.com\/ca\/wp-json\/wp\/v2\/comments?post=53820"}],"version-history":[{"count":0,"href":"https:\/\/soloibiza.com\/ca\/wp-json\/wp\/v2\/pages\/53820\/revisions"}],"up":[{"embeddable":true,"href":"https:\/\/soloibiza.com\/ca\/wp-json\/wp\/v2\/pages\/53783"}],"wp:attachment":[{"href":"https:\/\/soloibiza.com\/ca\/wp-json\/wp\/v2\/media?parent=53820"}],"curies":[{"name":"wp","href":"https:\/\/api.w.org\/{rel}","templated":true}]}}

Madina Yabisa, llocs d&#8217;interès cultural d&#8217;Eivissa

<div class="wpb-content-wrapper"><p>[vc_row full_width=&#8221;stretch_row&#8221; parallax=&#8221;content-moving-fade&#8221; css=&#8221;.vc_custom_1541444137191{padding-top: 20px !important;padding-bottom: 60px !important;background-image: url(http://soloibiza.com/wp-content/uploads/2018/11/medina-yabisah.jpg?id=45821) !important;background-position: 0 0;background-repeat: no-repeat !important;}&#8221;] [vc_column] [vc_custom_heading text = &#8220;Madina Yabisa. Cultural Center &#8221; font_container =&#8221; Tag: H1|text_align:center|color:#ffffff&#8221; use_theme_fonts =&#8221;yes&#8221;] [vc_custom_heading text =&#8221; al carrer que condueix a la plaça de la catedral trobem una petita porta a la història de l&#8217;illa. &#8221; font_container =&#8221; tag: P|font_size: 24px|text_align:center|color:#ffffff&#8221; use_theme_fonts =&#8221;yes&#8221;] [/vc_column] [/vc_row] [vc_row] [vc_column width =&#8221; 1/3 &#8220;] [vc_column_text]</p>
<div class="entry clearfloat">
<div class="texto"></div>
</div>
<div class="entry clearfloat">
<div class="texto"><strong>Madina Yabisa</strong> va ser el nom que va rebre Eivissa durant l&#8217;època musulmana. També és un centre d&#8217;interpretació situat a la casa de la Cúria i que repassa la història eivissenca amb un important suport audiovisual. Destacant l&#8217;era àrab. Aquí està el fullet. En la meva ignorància beneïda, sempre vaig pensar que aquest centre de &#8220;<em>interpretació</em>&#8221; se suposava que era una escola de ball o teatre, així que quan vaig arribar a la porta no estava molt clar que m&#8217;hauria de trobar a l&#8217;interior. Quan vaig arribar estaven connectant els ordinadors i només veia pantalles d&#8217;inici a tot arreu. &#8220;Em vaig a avorrir amb el valent. Dues fotos i alguna cosa més. &#8221; Gairebé. Més de dues hores amb les explicacions de l&#8217;empresa i de <em>nines</em> per comprendre la història de l&#8217;illa, els quartons, la construcció de la muralla, les rèpliques de restes àrabs entre les que ens traslladem i un vídeo multimèdia fascinant amb projeccions sobre un Model de Dalt Vila que em va deixar amb ganes de tornar. Sí, acabo de prendre dues fotos.</div>
</div>
<p>[/vc_column_text] [/vc_column] [vc_column width = &#8220;2/3&#8221;] [vc_single_image Image = &#8220;45821&#8221; img_size = &#8220;full&#8221;] [/vc_column] [/vc_row] [vc_row] [vc_column] [vc_column_text]</p>
<h2 class="title">Visitant el centre</h2>
<div class="entry clearfloat">
<div class="texto">El que no entenc és com un lloc tan especial pot ser tan poc publicitat per l&#8217;organisme competent. Segons el signe d&#8217;entrada, els horaris són de l&#8217; 1 d&#8217;abril al 15 d&#8217;octubre, de 10 a 14 i de 17 a 20. Del 16 d&#8217;octubre al 31 de març, de 10 a 15 de dilluns a dissabte i diumenges de 10 a 13. Els mesos de juliol i agost l&#8217;horari és de 10 a 14 i de 18 a 21. Roman tancada els diumenges a la tarda, dilluns i festius.</div>
</div>
<p>[/vc_column_text] [/vc_column] [/vc_row] [vc_row] [vc_column] [vc_gmaps link=&#8221;#E-8_JTNDaWZyYW1lJTIwc3JjJTNEJTIyaHR0cHMlM0ElMkYlMkZ3d3cuZ29vZ2xlLmNvbSUyRm1hcHMlMkZlbWJlZCUzRnBiJTNEJTIxMW0xOCUyMTFtMTIlMjExbTMlMjExZDMxMDQuNzQyNTYzNTM4MjY2NSUyMTJkMS40MzQwMjQ5MTU4NjI0OTY1JTIxM2QzOC45MDcwMDE5NTM5ODIwMDQlMjEybTMlMjExZjAlMjEyZjAlMjEzZjAlMjEzbTIlMjExaTEwMjQlMjEyaTc2OCUyMTRmMTMuMSUyMTNtMyUyMTFtMiUyMTFzMHgxMjk5NDZiMDM1MzI5Mjk5JTI1M0EweDRmZGQzYjdiNmY4YzMyMjUlMjEyc0NlbnRyZSUyQmQlMjYlMjMzOSUzQmludGVycHJldGFjaSUyNUMzJTI1QjMlMkJNYWRpbmElMkJZYWJpc2ElMjE1ZTAlMjEzbTIlMjExc2VzJTIxMnNlcyUyMTR2MTU0MTQ0MTk2OTc4NiUyMiUyMHdpZHRoJTNEJTIyNjAwJTIyJTIwaGVpZ2h0JTNEJTIyNDUwJTIyJTIwZnJhbWVib3JkZXIlM0QlMjIwJTIyJTIwc3R5bGUlM0QlMjJib3JkZXIlM0EwJTIyJTIwYWxsb3dmdWxsc2NyZWVuJTNFJTNDJTJGaWZyYW1lJTNF&#8221;] [/vc_column] [/vc_row] [vc_row full_width =&#8221;stretch_row&#8221; css =&#8221;.vc_custom_1539804160222 {padding-Top: 30px !important; padding-bottom: 60px !important; background-color:#1b7f47 !important; background-position: centre !important; background-repeat: no-repeat !important; background-size: Cover !important;} &#8220;] [vc_column] [vc_custom_heading text = &#8220;Altres llocs per descobrir en l&#8217;entorn de Madina Yabisa&#8221; font_container = &#8220;tag:h2|font_size:40px|text_align:center|color:%23ffff| line_height:48px&#8221; use_theme_fonts = &#8220;yes&#8221;] [vc_custom_heading text = &#8220;Ens apanyem nostra visita a Medina Yabisa descobrir altres llocs d&#8217;interès cultural&#8221; font_container = &#8220;tag:p|font_size:24px|text_align:center|color:%23ffffff| use_theme_fonts = &#8220;yes&#8221;] [/vc_column] [/vc_row] [vc_row] [vc_column width= &#8220;1/3&#8221;] [vc_single_image image = &#8220;46856&#8221; img_size = &#8220;full&#8221; onclick = &#8220;custom_link&#8221; enllaç = &#8220;https:/guia-de-turismo-de-ibiza-cultural-y-natural/guia-de-turismo-de-la-ciudad-de-ibiza/murallas-de-ibiza-la-historia/&#8221;] [vc_column_text]</p>
<h2 style="text-align: center;">Les muralles de Dalt Vila</h2>
<p style="text-align: center;">Des de Medina Yabisa tindrà un accés molt còmode a les muralles, que podem viatjar d&#8217;un baluard a l&#8217;altre.</p>
<p>[/vc_column_text] [/vc_column] [vc_column width = &#8220;1/3&#8221;] [vc_single_image Image = &#8220;46670&#8221; img_size = &#8220;full&#8221; onclick = &#8220;custom_link&#8221; Link = &#8220;https:/guia-de-turismo-de-ibiza-cultural-y-natural/guia-de-turismo-de-la-ciudad-de-ibiza/catedral-de-ibiza/&#8221;] [vc_column_text]</p>
<h2 style="text-align: center;">Catedral d&#8217;Eivissa</h2>
<p style="text-align: center;">Podrem aprofitar per visitar la catedral i els seus voltants. Descobreix-les a la <a href="https:/guia-de-turismo-de-ibiza-cultural-y-natural/guia-de-turismo-de-la-ciudad-de-ibiza/">Guia d&#8217;Eivissa</a>.</p>
<p>[/vc_column_text] [/vc_column] [vc_column width = &#8220;1/3&#8221;] [vc_single_image Image = &#8220;46640&#8221; img_size = &#8220;full&#8221; onclick = &#8220;custom_link&#8221; Link = &#8220;https:/guia-de-turismo-de-ibiza-cultural-y-natural/guia-de-turismo-de-la-ciudad-de-ibiza/baluarte-de-sant-pere-historia-y-cultura/&#8221;] [vc_column_text]</p>
<h2 style="text-align: center;">Baluard de Sant Pere</h2>
<p style="text-align: center;">Podrem gaudir de diferents actuacions culturals en aquest baluard</p>
<p>[/vc_column_text] [/vc_column] [/vc_row] [vc_row full_width = &#8220;stretch_row&#8221; css = &#8220;.vc_custom_1540877850287 {background-color: RGBA(255,153, 0, 0.6) !important; * background-color:RGB(255,153,0) !important;}&#8221;] [vc_column] [vc_custom_heading text = &#8220;platges aprop Madina Yabisa&#8221; font_container = &#8220;Tag: H2|text_align:center|color:#ffffff&#8221; use_theme_fonts = &#8220;yes&#8221; el_id = &#8220;platges de la ciutat d&#8217;Eivissa&#8221;] [vc_column_text]</p>
<p style="text-align: center;"><span style="color: #ffffff; font-size: 18px;">Al costat de Medina Yabisa, a la plaça de la catedral, podrem gaudir de les vistes a les <a style="color: #ffffff; font-size: 18px;" href="https:/playas-de-ibiza-ciudad-o-eivissa/">platges de la ciutat d&#8217;Eivissa</a>.</span></p>
<p>[/vc_column_text] [/vc_column] [/vc_row] [vc_row el_id = &#8220;Figueretes&#8221;] [vc_column width = &#8220;1/3&#8221; El_class = &#8220;Filaplayas&#8221; el_id = &#8220;platja d&#8217;en bossa&#8221;] [vc_single_image Image = &#8220;47608&#8221; img_size = &#8220;full&#8221;] [vc_column_text El_class = &#8220;.conelanteriorreducido&#8221;] <a href="https:/playa-den-bossa/">P.</a>d&#8217;en Bossa [/vc_column_text] [vc_column_text]</p>
<p style="text-align: center;">En direcció sud trobarem una extensa platja que sembla perdre&#8217;s en infinitat. És platja d&#8217;en Bossa.</p>
<p>[/vc_column_text] [/vc_column] [vc_column width = &#8220;1/3&#8221; El_class = &#8220;Filaplayas&#8221; el_id = &#8220;Talamanca&#8221;] [vc_single_image Image = &#8220;47515&#8221; img_size = &#8220;full&#8221;] [vc_column_text El_class = &#8220;.conelanteriorreducido&#8221;] <a href="https:/talamanca/">Talamanca</a> [/vc_column_text] [vc_column_text]</p>
<p style="text-align: center;">Situat darrere del port, Talamanca ofereix una platja urbana però molt ecològica.</p>
<p>[/vc_column_text] [/vc_column] [vc_column width = &#8220;1/3&#8221; El_class = &#8220;Filaplayas&#8221;] [vc_single_image Image = &#8220;47470&#8221; img_size = &#8220;full&#8221;] [vc_column_text El_class = &#8220;.conelanteriorreducido&#8221;] <a href="https:/figueretas/">Figueretas</a> [/vc_column_text] [vc_column_text]</p>
<p style="text-align: center;">En sentit invers a Talamanca, la primera platja que trobem és la de Figueretes.</p>
<p>[/vc_column_text] [/vc_column] [/vc_row] [vc_row full_width = &#8220;stretch_row&#8221; css = &#8220;.vc_custom_1539810191369 {background-color:#1b7f47 !important;}&#8221;] [vc_column] [vc_column_text css_animation = &#8220;fadeIn&#8221; El_class = &#8220;. Size24&#8221;]</p>
<p class="size24" style="text-align: center;"><span style="color: #ffffff;">El fitxer Madina Yabisa està patrocinat per</span> <a href="https://disenowebibiza.soloibiza.com/"> <span style="color: #ffffff;">Disseny web Eivissa</span> </a></p>
<p>[/vc_column_text] [/vc_column] [/vc_row]</p>
</div>

<p>[vc_row full_width=&#8221;stretch_row&#8221; parallax=&#8221;content-moving-fade&#8221; css=&#8221;.vc_custom_1541444137191{padding-top: 20px !important;padding-bottom: 60px !important;background-image: url(http://soloibiza.com/wp-content/uploads/2018/11/medina-yabisah.jpg?id=45821) !important;background-position: 0 0;background-repeat: no-repeat !important;}&#8221;] [vc_column] [vc_custom_heading text = &#8220;Madina Yabisa. Cultural Center &#8221; font_container =&#8221; Tag: H1|text_align:center|color:#ffffff&#8221; use_theme_fonts =&#8221;yes&#8221;] [vc_custom_heading text =&#8221; al carrer que condueix a la plaça de la catedral trobem una petita porta a la història de l&#8217;illa. &#8221; font_container =&#8221; tag: [&hellip;]</p>
